{"id":6664,"date":"2025-02-10T13:29:03","date_gmt":"2025-02-10T12:29:03","guid":{"rendered":"https:\/\/vanfittery.de\/?post_type=product&#038;p=6664"},"modified":"2026-03-17T11:21:56","modified_gmt":"2026-03-17T10:21:56","slug":"drzak-zaclonove-tyce","status":"publish","type":"product","link":"https:\/\/vanfittery.de\/cs\/produkt\/halter-gardinenstange\/","title":{"rendered":"Dr\u017e\u00e1k z\u00e1clonov\u00e9 li\u0161ty"},"content":{"rendered":"<h2>Jednoduch\u00e9 a stabiln\u00ed upevn\u011bn\u00ed na z\u00e1clonovou ty\u010d<\/h2>\n<p>N\u00e1\u0161 dr\u017e\u00e1k pro z\u00e1clonovou kolejnici lze jednodu\u0161e p\u0159ilepit k t\u011blu pomoc\u00ed oboustrann\u00e9 lepic\u00ed p\u00e1sky nebo p\u0159i\u0161roubovat pomoc\u00ed samo\u0159ezn\u00e9ho \u0161roubu. To znamen\u00e1, \u017ee z\u00e1clonovou ty\u010d lze p\u0159ipevnit t\u00e9m\u011b\u0159 na libovoln\u00e9 m\u00edsto.<\/p>\n<p>Jako z\u00e1clonov\u00e9 ty\u010de m\u016f\u017eete jednodu\u0161e pou\u017e\u00edt hlin\u00edkov\u00e9 trubky o pr\u016fm\u011bru 10 mm nebo d\u0159ev\u011bn\u00e9 kulat\u00e9 ty\u010de o pr\u016fm\u011bru 10 mm a zkr\u00e1tit je na po\u017eadovanou d\u00e9lku.<\/p>\n<p>&nbsp;<\/p>\n<p>Materi\u00e1l: PLA<\/p>\n<p>Rozsah dod\u00e1vky: 1 sada (2 ks) v\u010detn\u011b samo\u0159ezn\u00fdch \u0161roub\u016f<\/p>","protected":false},"excerpt":{"rendered":"<p><strong><span style=\"color: #dca54a;\">\u2714<\/span><\/strong> Jednoduch\u00e1 mont\u00e1\u017e<br \/>\n<strong><span style=\"color: #dca54a;\">\u2714<\/span><\/strong> Univerz\u00e1ln\u00ed pou\u017eit\u00ed - pro hlin\u00edkov\u00e9 nebo d\u0159ev\u011bn\u00e9 kulat\u00e9 ty\u010de o pr\u016fm\u011bru 10 mm<br \/>\n<strong><span style=\"color: #dca54a;\">\u2714<\/span><\/strong> Rozsah dod\u00e1vky: 1 sada (2 kusy) v\u010detn\u011b \u0161roub\u016f<\/p>","protected":false},"featured_media":6663,"template":"","meta":{"_acf_changed":false,"iawp_total_views":619},"product_brand":[],"product_cat":[57,58,55],"product_tag":[],"class_list":{"0":"post-6664","1":"product","2":"type-product","3":"status-publish","4":"has-post-thumbnail","6":"product_cat-hochdachkombi","7":"product_cat-kleintransporter","8":"product_cat-zubehoer","9":"product_shipping_class-paketversand","11":"first","12":"instock","13":"taxable","14":"shipping-taxable","15":"purchasable","16":"product-type-variable"},"acf":[],"_links":{"self":[{"href":"https:\/\/vanfittery.de\/cs\/wp-json\/wp\/v2\/product\/6664","targetHints":{"allow":["GET"]}}],"collection":[{"href":"https:\/\/vanfittery.de\/cs\/wp-json\/wp\/v2\/product"}],"about":[{"href":"https:\/\/vanfittery.de\/cs\/wp-json\/wp\/v2\/types\/product"}],"version-history":[{"count":1,"href":"https:\/\/vanfittery.de\/cs\/wp-json\/wp\/v2\/product\/6664\/revisions"}],"predecessor-version":[{"id":13874,"href":"https:\/\/vanfittery.de\/cs\/wp-json\/wp\/v2\/product\/6664\/revisions\/13874"}],"wp:featuredmedia":[{"embeddable":true,"href":"https:\/\/vanfittery.de\/cs\/wp-json\/wp\/v2\/media\/6663"}],"wp:attachment":[{"href":"https:\/\/vanfittery.de\/cs\/wp-json\/wp\/v2\/media?parent=6664"}],"wp:term":[{"taxonomy":"product_brand","embeddable":true,"href":"https:\/\/vanfittery.de\/cs\/wp-json\/wp\/v2\/product_brand?post=6664"},{"taxonomy":"product_cat","embeddable":true,"href":"https:\/\/vanfittery.de\/cs\/wp-json\/wp\/v2\/product_cat?post=6664"},{"taxonomy":"product_tag","embeddable":true,"href":"https:\/\/vanfittery.de\/cs\/wp-json\/wp\/v2\/product_tag?post=6664"}],"curies":[{"name":"wp","href":"https:\/\/api.w.org\/{rel}","templated":true}]}}

Držák záclonové lišty

<h2>Jednoduché a stabilní upevnění na záclonovou tyč</h2>
<p>Náš držák pro záclonovou kolejnici lze jednoduše přilepit k tělu pomocí oboustranné lepicí pásky nebo přišroubovat pomocí samořezného šroubu. To znamená, že záclonovou tyč lze připevnit téměř na libovolné místo.</p>
<p>Jako záclonové tyče můžete jednoduše použít hliníkové trubky o průměru 10 mm nebo dřevěné kulaté tyče o průměru 10 mm a zkrátit je na požadovanou délku.</p>
<p>&nbsp;</p>
<p>Materiál: PLA</p>
<p>Rozsah dodávky: 1 sada (2 ks) včetně samořezných šroubů</p>

<p><strong><span style="color: #dca54a;">✔</span></strong> Jednoduchá montáž<br />
<strong><span style="color: #dca54a;">✔</span></strong> Univerzální použití - pro hliníkové nebo dřevěné kulaté tyče o průměru 10 mm<br />
<strong><span style="color: #dca54a;">✔</span></strong> Rozsah dodávky: 1 sada (2 kusy) včetně šroubů</p>
