{"id":6646,"date":"2025-02-10T13:18:24","date_gmt":"2025-02-10T12:18:24","guid":{"rendered":"https:\/\/vanfittery.de\/?post_type=product&#038;p=6646"},"modified":"2026-03-17T11:21:58","modified_gmt":"2026-03-17T10:21:58","slug":"fieltro-de-vehiculo-extensible","status":"publish","type":"product","link":"https:\/\/vanfittery.de\/es\/produkt\/fahrzeug-filz-dehnbar\/","title":{"rendered":"Fieltro para veh\u00edculos extensible (a partir de 1 m\u00b2)"},"content":{"rendered":"<h2>Flexible, robusto, de eficacia probada: \u00a1el fieltro perfecto para su ampliaci\u00f3n!<\/h2>\n<p>Ya no es un truco de iniciados: el fieltro hace\u00a0<strong>acogedora chapa desnuda, reduce el nivel de ruido en el interior y a\u00edsla<\/strong>\u00a0un poco contra la radiaci\u00f3n de calor o fr\u00edo.<\/p>\n<p>Aunque algunos proveedores pretendan que su fieltro es algo muy especial: \u201eespecialmente\u201c desarrollado para transformaciones de furgonetas, etiquetado con nombres fan\u00e1ticos y, por supuesto, s\u00f3lo disponible en exclusiva... es y sigue siendo fieltro y no pan de oro.<\/p>\n<p>Utilizamos fieltro de un proveedor europeo especializado en <strong>seg\u00fan nuestra experiencia, excelente tratamiento<\/strong>\u00a0agradable al tacto y ha demostrado su robustez. Disponemos de\u00a0<strong>ya ha equipado con \u00e9l a numerosos veh\u00edculos<\/strong>\u00a0y c\u00f3mprelo por rollos. Puede compr\u00e1rnoslo en cantidades est\u00e1ndar para el consumidor a un precio justo.<\/p>\n<p>El fieltro puede ser\u00a0<strong>Basta con tirar o estirar en todas las direcciones<\/strong>, Esto significa que incluso los no profesionales pueden conseguir r\u00e1pidamente resultados atractivos, aunque se requiere cierta destreza manual. La mejor forma de aplicar el fieltro es con adhesivo en spray, que tambi\u00e9n est\u00e1 disponible en nuestra tienda.<\/p>\n<p>Un lado es un poco m\u00e1s esponjoso, el otro un poco m\u00e1s liso. Ambas caras pueden utilizarse como cara visible.<\/p>\n<p>Color: antracita<br \/>\nAnchura del rollo: 2 m, es decir, 1 metro cuadrado es 0,5 x 2 m, 2 metros cuadrados es 1 x 2 m, etc.<\/p>\n<p>Al hacer el pedido, indique la cantidad deseada <strong>en metros cuadrados<\/strong> especificar.<\/p>","protected":false},"excerpt":{"rendered":"<p>11,90 euros por 1 m\u00b2<\/p>\n<p><strong><span style=\"color: #dca54a;\">\u2714<\/span><\/strong> El fieltro hace m\u00e1s acogedora la chapa desnuda<strong><br \/>\n<span style=\"color: #dca54a;\">\u2714<\/span> <\/strong>Reduce el nivel de ruido en el interior<strong><br \/>\n<span style=\"color: #dca54a;\">\u2714<\/span><\/strong> A\u00edsla un poco de las radiaciones de calor o fr\u00edo<strong><br \/>\n<span style=\"color: #dca54a;\">\u2714<\/span> <\/strong>Un lado es un poco m\u00e1s esponjoso, el otro un poco m\u00e1s suave<strong><br \/>\n<\/strong><\/p>","protected":false},"featured_media":6655,"template":"","meta":{"_acf_changed":false,"iawp_total_views":1155},"product_brand":[],"product_cat":[57,58,55],"product_tag":[],"class_list":{"0":"post-6646","1":"product","2":"type-product","3":"status-publish","4":"has-post-thumbnail","6":"product_cat-hochdachkombi","7":"product_cat-kleintransporter","8":"product_cat-zubehoer","9":"product_shipping_class-paketversand","11":"first","12":"instock","13":"taxable","14":"shipping-taxable","15":"purchasable","16":"product-type-simple"},"acf":[],"_links":{"self":[{"href":"https:\/\/vanfittery.de\/es\/wp-json\/wp\/v2\/product\/6646","targetHints":{"allow":["GET"]}}],"collection":[{"href":"https:\/\/vanfittery.de\/es\/wp-json\/wp\/v2\/product"}],"about":[{"href":"https:\/\/vanfittery.de\/es\/wp-json\/wp\/v2\/types\/product"}],"version-history":[{"count":1,"href":"https:\/\/vanfittery.de\/es\/wp-json\/wp\/v2\/product\/6646\/revisions"}],"predecessor-version":[{"id":13875,"href":"https:\/\/vanfittery.de\/es\/wp-json\/wp\/v2\/product\/6646\/revisions\/13875"}],"wp:featuredmedia":[{"embeddable":true,"href":"https:\/\/vanfittery.de\/es\/wp-json\/wp\/v2\/media\/6655"}],"wp:attachment":[{"href":"https:\/\/vanfittery.de\/es\/wp-json\/wp\/v2\/media?parent=6646"}],"wp:term":[{"taxonomy":"product_brand","embeddable":true,"href":"https:\/\/vanfittery.de\/es\/wp-json\/wp\/v2\/product_brand?post=6646"},{"taxonomy":"product_cat","embeddable":true,"href":"https:\/\/vanfittery.de\/es\/wp-json\/wp\/v2\/product_cat?post=6646"},{"taxonomy":"product_tag","embeddable":true,"href":"https:\/\/vanfittery.de\/es\/wp-json\/wp\/v2\/product_tag?post=6646"}],"curies":[{"name":"wp","href":"https:\/\/api.w.org\/{rel}","templated":true}]}}

Fieltro para vehículos extensible (a partir de 1 m²)

<h2>Flexible, robusto, de eficacia probada: ¡el fieltro perfecto para su ampliación!</h2>
<p>Ya no es un truco de iniciados: el fieltro hace <strong>acogedora chapa desnuda, reduce el nivel de ruido en el interior y aísla</strong> un poco contra la radiación de calor o frío.</p>
<p>Aunque algunos proveedores pretendan que su fieltro es algo muy especial: „especialmente“ desarrollado para transformaciones de furgonetas, etiquetado con nombres fanáticos y, por supuesto, sólo disponible en exclusiva... es y sigue siendo fieltro y no pan de oro.</p>
<p>Utilizamos fieltro de un proveedor europeo especializado en <strong>según nuestra experiencia, excelente tratamiento</strong> agradable al tacto y ha demostrado su robustez. Disponemos de <strong>ya ha equipado con él a numerosos vehículos</strong> y cómprelo por rollos. Puede comprárnoslo en cantidades estándar para el consumidor a un precio justo.</p>
<p>El fieltro puede ser <strong>Basta con tirar o estirar en todas las direcciones</strong>, Esto significa que incluso los no profesionales pueden conseguir rápidamente resultados atractivos, aunque se requiere cierta destreza manual. La mejor forma de aplicar el fieltro es con adhesivo en spray, que también está disponible en nuestra tienda.</p>
<p>Un lado es un poco más esponjoso, el otro un poco más liso. Ambas caras pueden utilizarse como cara visible.</p>
<p>Color: antracita<br />
Anchura del rollo: 2 m, es decir, 1 metro cuadrado es 0,5 x 2 m, 2 metros cuadrados es 1 x 2 m, etc.</p>
<p>Al hacer el pedido, indique la cantidad deseada <strong>en metros cuadrados</strong> especificar.</p>

<p>11,90 euros por 1 m²</p>
<p><strong><span style="color: #dca54a;">✔</span></strong> El fieltro hace más acogedora la chapa desnuda<strong><br />
<span style="color: #dca54a;">✔</span> </strong>Reduce el nivel de ruido en el interior<strong><br />
<span style="color: #dca54a;">✔</span></strong> Aísla un poco de las radiaciones de calor o frío<strong><br />
<span style="color: #dca54a;">✔</span> </strong>Un lado es un poco más esponjoso, el otro un poco más suave<strong><br />
</strong></p>
