{"id":1903,"date":"2025-01-13T14:20:56","date_gmt":"2025-01-13T13:20:56","guid":{"rendered":"https:\/\/vanfittery.de\/?post_type=product&#038;p=1903"},"modified":"2026-03-17T11:24:44","modified_gmt":"2026-03-17T10:24:44","slug":"ciel-de-toit-pour-vw-t5-t6-transporter","status":"publish","type":"product","link":"https:\/\/vanfittery.de\/fr\/produkt\/dachhimmel-fuer-vw-t5-t6-transporter\/","title":{"rendered":"Ciel de toit pour VW T5\/T6 Transporter"},"content":{"rendered":"<h2>Ciel de pavillon haut de gamme avec spots LED &amp; variateur tactile<\/h2>\n<p>Notre ciel de toit chasse la sensation de camionnette d\u00e9daigneuse de ton VW T5 ou T6. Les spots LED \u00e0 faible consommation d'\u00e9nergie enveloppent l'habitacle d'une lumi\u00e8re chaude et confortable.<\/p>\n<p>Les rev\u00eatements gris sont simplement remplac\u00e9s par le rev\u00eatement en bois v\u00e9ritable huil\u00e9. Le\u00a0<b>le design \u00e0 lamelles donne l'impression que la pi\u00e8ce est plus grande<\/b>\u00a0et le bois chaud transforme la soute en une pi\u00e8ce \u00e0 vivre douillette.<\/p>\n<p><img fetchpriority=\"high\" decoding=\"async\" class=\"alignnone wp-image-1980 size-medium\" src=\"https:\/\/vanfittery.de\/wp-content\/uploads\/2025\/01\/KR-Laengsnuten-klar-geoelt-1-300x300.jpg\" alt=\"\" width=\"300\" height=\"300\" srcset=\"https:\/\/vanfittery.de\/wp-content\/uploads\/2025\/01\/KR-Laengsnuten-klar-geoelt-1-300x300.jpg 300w, https:\/\/vanfittery.de\/wp-content\/uploads\/2025\/01\/KR-Laengsnuten-klar-geoelt-1-100x100.jpg 100w, https:\/\/vanfittery.de\/wp-content\/uploads\/2025\/01\/KR-Laengsnuten-klar-geoelt-1-800x800.jpg 800w, https:\/\/vanfittery.de\/wp-content\/uploads\/2025\/01\/KR-Laengsnuten-klar-geoelt-1-1024x1024.jpg 1024w, https:\/\/vanfittery.de\/wp-content\/uploads\/2025\/01\/KR-Laengsnuten-klar-geoelt-1-150x150.jpg 150w, https:\/\/vanfittery.de\/wp-content\/uploads\/2025\/01\/KR-Laengsnuten-klar-geoelt-1-768x768.jpg 768w, https:\/\/vanfittery.de\/wp-content\/uploads\/2025\/01\/KR-Laengsnuten-klar-geoelt-1.jpg 1200w\" sizes=\"(max-width: 300px) 100vw, 300px\" \/><\/p>\n<p>Le site\u00a0<strong>\u00c9clairage<\/strong>\u00a0peut \u00eatre utilis\u00e9 via un\u00a0<strong>Variateur tactile pour un r\u00e9glage continu de la luminosit\u00e9<\/strong>\u00a0de la lumi\u00e8re des bougies \u00e0 l'\u00e9clairage des stades !<\/p>\n<p>Gr\u00e2ce aux clips plus longs compris dans la livraison, le ciel de toit est fix\u00e9 comme l'original aux trous de fixation d\u00e9j\u00e0 existants - il n'est pas n\u00e9cessaire de percer ! Alternativement, le ciel de toit peut \u00eatre fix\u00e9 de mani\u00e8re presque invisible \u00e0 l'aide d'\u00e9crous \u00e0 river et de vis - si vous le souhaitez, veuillez imp\u00e9rativement l'indiquer dans le champ de commentaire du panier de commande !<\/p>\n<p>Tu souhaites un autre design ? Envoie-nous un message et nous verrons ce qui est possible !<\/p>\n<p>Contenu de la livraison : ciel de toit en une pi\u00e8ce pour VW T5, T6 et T6.1 en bois v\u00e9ritable, huil\u00e9, \u00e9clairage, c\u00e2bl\u00e9 et pr\u00eat \u00e0 \u00eatre raccord\u00e9, clips plus longs inclus<\/p>","protected":false},"excerpt":{"rendered":"<p>Hochwertiger Dachhimmel mit LED-Spots &amp; Touchdimmer Unser Dachhimmel vertreibt das schn\u00f6de Transporter-Feeling aus deinem VW T5 bzw. T6. Die stromsparenden LED-Spots h\u00fcllen den Innenraum in ein gem\u00fctlich warmes Licht. Die grauen Verkleidungen werden einfach durch die ge\u00f6lte Echtholzverkleidung ersetzt. Das\u00a0Lamellendesign l\u00e4sst den Raum optisch gr\u00f6\u00dfer wirken\u00a0und das warme Holz macht aus dem Laderaum einen muckeligen [&hellip;]<\/p>\n","protected":false},"featured_media":1982,"template":"","meta":{"_acf_changed":false,"iawp_total_views":2881},"product_brand":[],"product_cat":[58,55],"product_tag":[],"class_list":{"0":"post-1903","1":"product","2":"type-product","3":"status-publish","4":"has-post-thumbnail","6":"product_cat-kleintransporter","7":"product_cat-zubehoer","8":"product_shipping_class-spedition-l","10":"first","11":"instock","12":"taxable","13":"shipping-taxable","14":"purchasable","15":"product-type-variable"},"acf":[],"_links":{"self":[{"href":"https:\/\/vanfittery.de\/fr\/wp-json\/wp\/v2\/product\/1903","targetHints":{"allow":["GET"]}}],"collection":[{"href":"https:\/\/vanfittery.de\/fr\/wp-json\/wp\/v2\/product"}],"about":[{"href":"https:\/\/vanfittery.de\/fr\/wp-json\/wp\/v2\/types\/product"}],"version-history":[{"count":1,"href":"https:\/\/vanfittery.de\/fr\/wp-json\/wp\/v2\/product\/1903\/revisions"}],"predecessor-version":[{"id":13906,"href":"https:\/\/vanfittery.de\/fr\/wp-json\/wp\/v2\/product\/1903\/revisions\/13906"}],"wp:featuredmedia":[{"embeddable":true,"href":"https:\/\/vanfittery.de\/fr\/wp-json\/wp\/v2\/media\/1982"}],"wp:attachment":[{"href":"https:\/\/vanfittery.de\/fr\/wp-json\/wp\/v2\/media?parent=1903"}],"wp:term":[{"taxonomy":"product_brand","embeddable":true,"href":"https:\/\/vanfittery.de\/fr\/wp-json\/wp\/v2\/product_brand?post=1903"},{"taxonomy":"product_cat","embeddable":true,"href":"https:\/\/vanfittery.de\/fr\/wp-json\/wp\/v2\/product_cat?post=1903"},{"taxonomy":"product_tag","embeddable":true,"href":"https:\/\/vanfittery.de\/fr\/wp-json\/wp\/v2\/product_tag?post=1903"}],"curies":[{"name":"wp","href":"https:\/\/api.w.org\/{rel}","templated":true}]}}

<h2>Ciel de pavillon haut de gamme avec spots LED &amp; variateur tactile</h2>
<p>Notre ciel de toit chasse la sensation de camionnette dédaigneuse de ton VW T5 ou T6. Les spots LED à faible consommation d'énergie enveloppent l'habitacle d'une lumière chaude et confortable.</p>
<p>Les revêtements gris sont simplement remplacés par le revêtement en bois véritable huilé. Le <b>le design à lamelles donne l'impression que la pièce est plus grande</b> et le bois chaud transforme la soute en une pièce à vivre douillette.</p>
<p><img fetchpriority="high" decoding="async" class="alignnone wp-image-1980 size-medium" src="https://vanfittery.de/wp-content/uploads/2025/01/KR-Laengsnuten-klar-geoelt-1-300x300.jpg" alt="" width="300" height="300" srcset="https://vanfittery.de/wp-content/uploads/2025/01/KR-Laengsnuten-klar-geoelt-1-300x300.jpg 300w, https://vanfittery.de/wp-content/uploads/2025/01/KR-Laengsnuten-klar-geoelt-1-100x100.jpg 100w, https://vanfittery.de/wp-content/uploads/2025/01/KR-Laengsnuten-klar-geoelt-1-800x800.jpg 800w, https://vanfittery.de/wp-content/uploads/2025/01/KR-Laengsnuten-klar-geoelt-1-1024x1024.jpg 1024w, https://vanfittery.de/wp-content/uploads/2025/01/KR-Laengsnuten-klar-geoelt-1-150x150.jpg 150w, https://vanfittery.de/wp-content/uploads/2025/01/KR-Laengsnuten-klar-geoelt-1-768x768.jpg 768w, https://vanfittery.de/wp-content/uploads/2025/01/KR-Laengsnuten-klar-geoelt-1.jpg 1200w" sizes="(max-width: 300px) 100vw, 300px" /></p>
<p>Le site <strong>Éclairage</strong> peut être utilisé via un <strong>Variateur tactile pour un réglage continu de la luminosité</strong> de la lumière des bougies à l'éclairage des stades !</p>
<p>Grâce aux clips plus longs compris dans la livraison, le ciel de toit est fixé comme l'original aux trous de fixation déjà existants - il n'est pas nécessaire de percer ! Alternativement, le ciel de toit peut être fixé de manière presque invisible à l'aide d'écrous à river et de vis - si vous le souhaitez, veuillez impérativement l'indiquer dans le champ de commentaire du panier de commande !</p>
<p>Tu souhaites un autre design ? Envoie-nous un message et nous verrons ce qui est possible !</p>
<p>Contenu de la livraison : ciel de toit en une pièce pour VW T5, T6 et T6.1 en bois véritable, huilé, éclairage, câblé et prêt à être raccordé, clips plus longs inclus</p>

<p>Hochwertiger Dachhimmel mit LED-Spots &amp; Touchdimmer Unser Dachhimmel vertreibt das schnöde Transporter-Feeling aus deinem VW T5 bzw. T6. Die stromsparenden LED-Spots hüllen den Innenraum in ein gemütlich warmes Licht. Die grauen Verkleidungen werden einfach durch die geölte Echtholzverkleidung ersetzt. Das Lamellendesign lässt den Raum optisch größer wirken und das warme Holz macht aus dem Laderaum einen muckeligen [&hellip;]</p>
