{"id":2017,"date":"2025-01-14T15:10:16","date_gmt":"2025-01-14T14:10:16","guid":{"rendered":"https:\/\/vanfittery.de\/?post_type=product&#038;p=2017"},"modified":"2026-03-17T11:24:21","modified_gmt":"2026-03-17T10:24:21","slug":"cadre-de-montage-adaptateur-de-montage-haut-parleurs-t5-t6-transporter-arriere","status":"publish","type":"product","link":"https:\/\/vanfittery.de\/fr\/produkt\/einbaurahmen-einbauadapter-lautsprecher-t5-t6-transporter-hinten\/","title":{"rendered":"Adaptateur de montage pour haut-parleurs T5 \/ T6 Transporter"},"content":{"rendered":"<h2>Position optimale des haut-parleurs pour un son parfait dans le T5\/T6<\/h2>\n<p>Tous ceux qui aiment les sons fins dans leur v\u00e9hicule connaissent le probl\u00e8me du T5 ou du T6 Transporter : il n'y a pratiquement pas de position de montage utilisable pour les haut-parleurs arri\u00e8re. Si l'on installe les haut-parleurs dans le hayon, ils sont positionn\u00e9s beaucoup trop bas et la profondeur d'installation est quasi nulle. En encastrant les haut-parleurs dans les panneaux lat\u00e9raux, on obtient un montage stable avec beaucoup d'efforts, mais les haut-parleurs jouent alors dans une direction tr\u00e8s d\u00e9favorable. Le r\u00e9sultat est alors tout sauf \u201chi-fi\u201d.<\/p>\n<p>Nos adaptateurs de montage pour le Transporter T5 \/ T6 r\u00e9solvent le probl\u00e8me : construits en CAO, ils sont parfaitement adapt\u00e9s aux contours du v\u00e9hicule et\u00a0<strong>orient\u00e9 exactement \u00e0 la hauteur des oreilles dans l'habitacle<\/strong>!<\/p>\n<p>Les adaptateurs sont disponibles pour les haut-parleurs de 13 cm et 16,5 cm et sont viss\u00e9s 3x \u00e0 la carrosserie ou \u00e9ventuellement coll\u00e9s avec de la colle \u00e0 vitres.<\/p>\n<h3>Dimensions 13 cm<\/h3>\n<p>Diam\u00e8tre ext\u00e9rieur : 150 mm<\/p>\n<p>Diam\u00e8tre de l'ouverture de montage : 116 mm<\/p>\n<p>longueur : 145 mm<\/p>\n<p>Diam\u00e8tre des vis de fixation : 134 mm<\/p>\n<h3>Dimensions 16,5 cm<\/h3>\n<p>Diam\u00e8tre ext\u00e9rieur : 167 mm<\/p>\n<p>Diam\u00e8tre de l'ouverture de montage : 145 mm<\/p>\n<p>longueur : 180 mm<\/p>\n<p>diam\u00e8tre des vis de fixation : 157 mm<\/p>\n<p>&nbsp;<\/p>\n<p><strong>Contenu de la livraison :<\/strong> 1 jeu (gauche et droite) d'adaptateurs de montage pour le montant D de l'utilitaire T5 \/ T6 de VW. Pi\u00e8ces imprim\u00e9es en 3D en PETG. La surface peut pr\u00e9senter de petites imperfections typiques de l'impression 3D.<\/p>\n<p>Veuillez noter que le d\u00e9lai de livraison est d'environ 1 \u00e0 2 semaines, selon la charge de travail actuelle des imprimantes 3D. Le temps d'impression pur pour un jeu est d'environ 32 heures !<\/p>","protected":false},"excerpt":{"rendered":"<p><strong><span style=\"color: #dca54a;\">\u2714<\/span>\u00a0 Un positionnement parfait<\/strong><br \/>\nAdaptateur de haut-parleur pour le T5 \/ T6 de VW, parfaitement align\u00e9 \u00e0 la hauteur des oreilles (convient pour les haut-parleurs de 13 cm et 16,5 cm).<\/p>\n<p><strong><span style=\"color: #dca54a;\">\u2714<\/span>\u00a0 Ajust\u00e9 &amp; stable<br \/>\n<\/strong>Con\u00e7u par CAO, adaptation pr\u00e9cise aux contours du v\u00e9hicule, montage facile avec des vis ou de la colle \u00e0 vitres.<\/p>","protected":false},"featured_media":2025,"template":"","meta":{"_acf_changed":false,"iawp_total_views":1291},"product_brand":[],"product_cat":[58,55],"product_tag":[],"class_list":{"0":"post-2017","1":"product","2":"type-product","3":"status-publish","4":"has-post-thumbnail","6":"product_cat-kleintransporter","7":"product_cat-zubehoer","8":"product_shipping_class-paketversand","10":"first","11":"instock","12":"taxable","13":"shipping-taxable","14":"purchasable","15":"product-type-variable"},"acf":[],"_links":{"self":[{"href":"https:\/\/vanfittery.de\/fr\/wp-json\/wp\/v2\/product\/2017","targetHints":{"allow":["GET"]}}],"collection":[{"href":"https:\/\/vanfittery.de\/fr\/wp-json\/wp\/v2\/product"}],"about":[{"href":"https:\/\/vanfittery.de\/fr\/wp-json\/wp\/v2\/types\/product"}],"version-history":[{"count":1,"href":"https:\/\/vanfittery.de\/fr\/wp-json\/wp\/v2\/product\/2017\/revisions"}],"predecessor-version":[{"id":13903,"href":"https:\/\/vanfittery.de\/fr\/wp-json\/wp\/v2\/product\/2017\/revisions\/13903"}],"wp:featuredmedia":[{"embeddable":true,"href":"https:\/\/vanfittery.de\/fr\/wp-json\/wp\/v2\/media\/2025"}],"wp:attachment":[{"href":"https:\/\/vanfittery.de\/fr\/wp-json\/wp\/v2\/media?parent=2017"}],"wp:term":[{"taxonomy":"product_brand","embeddable":true,"href":"https:\/\/vanfittery.de\/fr\/wp-json\/wp\/v2\/product_brand?post=2017"},{"taxonomy":"product_cat","embeddable":true,"href":"https:\/\/vanfittery.de\/fr\/wp-json\/wp\/v2\/product_cat?post=2017"},{"taxonomy":"product_tag","embeddable":true,"href":"https:\/\/vanfittery.de\/fr\/wp-json\/wp\/v2\/product_tag?post=2017"}],"curies":[{"name":"wp","href":"https:\/\/api.w.org\/{rel}","templated":true}]}}

<h2>Position optimale des haut-parleurs pour un son parfait dans le T5/T6</h2>
<p>Tous ceux qui aiment les sons fins dans leur véhicule connaissent le problème du T5 ou du T6 Transporter : il n'y a pratiquement pas de position de montage utilisable pour les haut-parleurs arrière. Si l'on installe les haut-parleurs dans le hayon, ils sont positionnés beaucoup trop bas et la profondeur d'installation est quasi nulle. En encastrant les haut-parleurs dans les panneaux latéraux, on obtient un montage stable avec beaucoup d'efforts, mais les haut-parleurs jouent alors dans une direction très défavorable. Le résultat est alors tout sauf “hi-fi”.</p>
<p>Nos adaptateurs de montage pour le Transporter T5 / T6 résolvent le problème : construits en CAO, ils sont parfaitement adaptés aux contours du véhicule et <strong>orienté exactement à la hauteur des oreilles dans l'habitacle</strong>!</p>
<p>Les adaptateurs sont disponibles pour les haut-parleurs de 13 cm et 16,5 cm et sont vissés 3x à la carrosserie ou éventuellement collés avec de la colle à vitres.</p>
<h3>Dimensions 13 cm</h3>
<p>Diamètre extérieur : 150 mm</p>
<p>Diamètre de l'ouverture de montage : 116 mm</p>
<p>longueur : 145 mm</p>
<p>Diamètre des vis de fixation : 134 mm</p>
<h3>Dimensions 16,5 cm</h3>
<p>Diamètre extérieur : 167 mm</p>
<p>Diamètre de l'ouverture de montage : 145 mm</p>
<p>longueur : 180 mm</p>
<p>diamètre des vis de fixation : 157 mm</p>
<p>&nbsp;</p>
<p><strong>Contenu de la livraison :</strong> 1 jeu (gauche et droite) d'adaptateurs de montage pour le montant D de l'utilitaire T5 / T6 de VW. Pièces imprimées en 3D en PETG. La surface peut présenter de petites imperfections typiques de l'impression 3D.</p>
<p>Veuillez noter que le délai de livraison est d'environ 1 à 2 semaines, selon la charge de travail actuelle des imprimantes 3D. Le temps d'impression pur pour un jeu est d'environ 32 heures !</p>

<p><strong><span style="color: #dca54a;">✔</span>  Un positionnement parfait</strong><br />
Adaptateur de haut-parleur pour le T5 / T6 de VW, parfaitement aligné à la hauteur des oreilles (convient pour les haut-parleurs de 13 cm et 16,5 cm).</p>
<p><strong><span style="color: #dca54a;">✔</span>  Ajusté &amp; stable<br />
</strong>Conçu par CAO, adaptation précise aux contours du véhicule, montage facile avec des vis ou de la colle à vitres.</p>
