{"id":9753,"date":"2025-07-15T12:28:39","date_gmt":"2025-07-15T10:28:39","guid":{"rendered":"https:\/\/vanfittery.de\/?post_type=product&#038;p=9753"},"modified":"2026-03-17T11:20:28","modified_gmt":"2026-03-17T10:20:28","slug":"plaque-de-fond-pour-citroen-berlingo-xl-peugeot-rifter-opel-combo-et-fiat-doblo-version-longue-uniquement","status":"publish","type":"product","link":"https:\/\/vanfittery.de\/fr\/produkt\/bodenplatte-fuer-citroen-berlingo-xl-peugeot-rifter-opel-combo-und-fiat-doblo-nur-langversion\/","title":{"rendered":"Plaque de plancher pour Citro\u00ebn Berlingo XL, Peugeot Rifter Opel Combo et Fiat Doblo (version longue uniquement)"},"content":{"rendered":"<p>Le Citro\u00ebn Berlingo XL, le Peugeot Rifter, l'Opel Combo et le Fiat Doblo sont des fourgons \u00e0 toit sur\u00e9lev\u00e9 tr\u00e8s appr\u00e9ci\u00e9s pour la transformation en camping. Le plancher de coffre d'origine est tr\u00e8s souple, ce qui fait qu'en chargeant des objets lourds, le rev\u00eatement de plancher est fortement comprim\u00e9 et \u00e9ventuellement endommag\u00e9.<\/p>\n<p>Notre plaque de fond est parfaitement adapt\u00e9e pour \u00eatre plac\u00e9e dans le fond du coffre et poss\u00e8de des \u00e9videments pour les \u0153illets d'arrimage. Si n\u00e9cessaire, elle peut \u00eatre viss\u00e9e sur les filets de fixation d'origine au lieu des \u0153illets et servir ainsi de fixation pour les \u00e9l\u00e9ments encastr\u00e9s.<\/p>\n<p>Le mat\u00e9riau de support est toujours un panneau multiplex en bouleau tr\u00e8s stable de 12 mm. La version de 12 mm rev\u00eatue de noir poss\u00e8de une surface lisse. La version naturelle est enti\u00e8rement non trait\u00e9e et peut \u00eatre personnalis\u00e9e ou recouverte de diff\u00e9rents mat\u00e9riaux. La version s\u00e9rigraphi\u00e9e en 12 mm est rouge-brun et poss\u00e8de une surface antid\u00e9rapante, utilis\u00e9e par exemple pour les remorques.<\/p>","protected":false},"excerpt":{"rendered":"<p><span style=\"color: #dca54a;\"><strong>\u2714<\/strong> <\/span> Assure un plancher de chargement dur<br \/>\n<span style=\"color: #dca54a;\"><strong>\u2714<\/strong> <\/span> Pr\u00e9serve le tapis de valise d'origine<br \/>\n<span style=\"color: #dca54a;\"><strong>\u2714<\/strong> <\/span> avec des ouvertures pour les \u0153illets d'arrimage du chargement<br \/>\n<span style=\"color: #dca54a;\"><strong>\u2714<\/strong> <\/span> par ex. \u00e0 utiliser avec CampingBox<\/p>","protected":false},"featured_media":9764,"template":"","meta":{"_acf_changed":false,"iawp_total_views":638},"product_brand":[],"product_cat":[57,55],"product_tag":[],"class_list":{"0":"post-9753","1":"product","2":"type-product","3":"status-publish","4":"has-post-thumbnail","6":"product_cat-hochdachkombi","7":"product_cat-zubehoer","8":"product_shipping_class-spedition-l","10":"first","11":"instock","12":"taxable","13":"shipping-taxable","14":"purchasable","15":"product-type-variable"},"acf":[],"_links":{"self":[{"href":"https:\/\/vanfittery.de\/fr\/wp-json\/wp\/v2\/product\/9753","targetHints":{"allow":["GET"]}}],"collection":[{"href":"https:\/\/vanfittery.de\/fr\/wp-json\/wp\/v2\/product"}],"about":[{"href":"https:\/\/vanfittery.de\/fr\/wp-json\/wp\/v2\/types\/product"}],"version-history":[{"count":1,"href":"https:\/\/vanfittery.de\/fr\/wp-json\/wp\/v2\/product\/9753\/revisions"}],"predecessor-version":[{"id":13860,"href":"https:\/\/vanfittery.de\/fr\/wp-json\/wp\/v2\/product\/9753\/revisions\/13860"}],"wp:featuredmedia":[{"embeddable":true,"href":"https:\/\/vanfittery.de\/fr\/wp-json\/wp\/v2\/media\/9764"}],"wp:attachment":[{"href":"https:\/\/vanfittery.de\/fr\/wp-json\/wp\/v2\/media?parent=9753"}],"wp:term":[{"taxonomy":"product_brand","embeddable":true,"href":"https:\/\/vanfittery.de\/fr\/wp-json\/wp\/v2\/product_brand?post=9753"},{"taxonomy":"product_cat","embeddable":true,"href":"https:\/\/vanfittery.de\/fr\/wp-json\/wp\/v2\/product_cat?post=9753"},{"taxonomy":"product_tag","embeddable":true,"href":"https:\/\/vanfittery.de\/fr\/wp-json\/wp\/v2\/product_tag?post=9753"}],"curies":[{"name":"wp","href":"https:\/\/api.w.org\/{rel}","templated":true}]}}

Plaque de plancher pour Citroën Berlingo XL, Peugeot Rifter Opel Combo et Fiat Doblo (version longue uniquement)

<p>Le Citroën Berlingo XL, le Peugeot Rifter, l'Opel Combo et le Fiat Doblo sont des fourgons à toit surélevé très appréciés pour la transformation en camping. Le plancher de coffre d'origine est très souple, ce qui fait qu'en chargeant des objets lourds, le revêtement de plancher est fortement comprimé et éventuellement endommagé.</p>
<p>Notre plaque de fond est parfaitement adaptée pour être placée dans le fond du coffre et possède des évidements pour les œillets d'arrimage. Si nécessaire, elle peut être vissée sur les filets de fixation d'origine au lieu des œillets et servir ainsi de fixation pour les éléments encastrés.</p>
<p>Le matériau de support est toujours un panneau multiplex en bouleau très stable de 12 mm. La version de 12 mm revêtue de noir possède une surface lisse. La version naturelle est entièrement non traitée et peut être personnalisée ou recouverte de différents matériaux. La version sérigraphiée en 12 mm est rouge-brun et possède une surface antidérapante, utilisée par exemple pour les remorques.</p>

<p><span style="color: #dca54a;"><strong>✔</strong> </span> Assure un plancher de chargement dur<br />
<span style="color: #dca54a;"><strong>✔</strong> </span> Préserve le tapis de valise d'origine<br />
<span style="color: #dca54a;"><strong>✔</strong> </span> avec des ouvertures pour les œillets d'arrimage du chargement<br />
<span style="color: #dca54a;"><strong>✔</strong> </span> par ex. à utiliser avec CampingBox</p>
