{"id":9753,"date":"2025-07-15T12:28:39","date_gmt":"2025-07-15T10:28:39","guid":{"rendered":"https:\/\/vanfittery.de\/?post_type=product&#038;p=9753"},"modified":"2026-03-17T11:20:28","modified_gmt":"2026-03-17T10:20:28","slug":"piastra-di-base-solo-per-citroen-berlingo-xl-peugeot-rifter-opel-combo-e-fiat-doblo-versione-lunga","status":"publish","type":"product","link":"https:\/\/vanfittery.de\/it\/produkt\/bodenplatte-fuer-citroen-berlingo-xl-peugeot-rifter-opel-combo-und-fiat-doblo-nur-langversion\/","title":{"rendered":"Pannello da pavimento per Citroen Berlingo XL, Peugeot Rifter Opel Combo e Fiat Doblo (solo versione lunga)"},"content":{"rendered":"<p>Citroen Berlingo XL, Peugeot Rifter Opel Combo e Fiat Doblo sono furgoni a tetto alto molto diffusi per le conversioni da campeggio. Il pavimento originale del bagagliaio \u00e8 molto morbido, il che significa che il rivestimento del pavimento \u00e8 fortemente compresso e pu\u00f2 essere danneggiato quando si caricano oggetti pesanti.<\/p>\n<p>La nostra piastra a pavimento si adatta perfettamente all'inserimento nel pianale del bagagliaio ed \u00e8 dotata di aperture per gli occhielli di fissaggio. Se necessario, pu\u00f2 essere avvitata alle filettature di fissaggio originali invece che agli occhielli e quindi essere utilizzata come fissaggio per i fissaggi.<\/p>\n<p>Il materiale di base \u00e8 sempre un pannello multiplex di betulla da 12 mm molto stabile. La versione rivestita di nero da 12 mm ha una superficie liscia. La versione naturale \u00e8 completamente grezza e pu\u00f2 essere personalizzata o rivestita con vari materiali. La versione serigrafata da 12 mm \u00e8 di colore rosso-marrone e presenta una superficie antiscivolo, utilizzata ad esempio per i rimorchi.<\/p>","protected":false},"excerpt":{"rendered":"<p><span style=\"color: #dca54a;\"><strong>\u2714<\/strong> <\/span> Assicura un piano di carico rigido<br \/>\n<span style=\"color: #dca54a;\"><strong>\u2714<\/strong> <\/span> Protegge la moquette originale della valigia<br \/>\n<span style=\"color: #dca54a;\"><strong>\u2714<\/strong> <\/span> con aperture per gli occhielli di fissaggio del carico<br \/>\n<span style=\"color: #dca54a;\"><strong>\u2714<\/strong> <\/span> Ad esempio, per l'utilizzo di CampingBox<\/p>","protected":false},"featured_media":9764,"template":"","meta":{"_acf_changed":false,"iawp_total_views":650},"product_brand":[],"product_cat":[57,55],"product_tag":[],"class_list":{"0":"post-9753","1":"product","2":"type-product","3":"status-publish","4":"has-post-thumbnail","6":"product_cat-hochdachkombi","7":"product_cat-zubehoer","8":"product_shipping_class-spedition-l","10":"first","11":"instock","12":"taxable","13":"shipping-taxable","14":"purchasable","15":"product-type-variable"},"acf":[],"_links":{"self":[{"href":"https:\/\/vanfittery.de\/it\/wp-json\/wp\/v2\/product\/9753","targetHints":{"allow":["GET"]}}],"collection":[{"href":"https:\/\/vanfittery.de\/it\/wp-json\/wp\/v2\/product"}],"about":[{"href":"https:\/\/vanfittery.de\/it\/wp-json\/wp\/v2\/types\/product"}],"version-history":[{"count":1,"href":"https:\/\/vanfittery.de\/it\/wp-json\/wp\/v2\/product\/9753\/revisions"}],"predecessor-version":[{"id":13860,"href":"https:\/\/vanfittery.de\/it\/wp-json\/wp\/v2\/product\/9753\/revisions\/13860"}],"wp:featuredmedia":[{"embeddable":true,"href":"https:\/\/vanfittery.de\/it\/wp-json\/wp\/v2\/media\/9764"}],"wp:attachment":[{"href":"https:\/\/vanfittery.de\/it\/wp-json\/wp\/v2\/media?parent=9753"}],"wp:term":[{"taxonomy":"product_brand","embeddable":true,"href":"https:\/\/vanfittery.de\/it\/wp-json\/wp\/v2\/product_brand?post=9753"},{"taxonomy":"product_cat","embeddable":true,"href":"https:\/\/vanfittery.de\/it\/wp-json\/wp\/v2\/product_cat?post=9753"},{"taxonomy":"product_tag","embeddable":true,"href":"https:\/\/vanfittery.de\/it\/wp-json\/wp\/v2\/product_tag?post=9753"}],"curies":[{"name":"wp","href":"https:\/\/api.w.org\/{rel}","templated":true}]}}

<p>Citroen Berlingo XL, Peugeot Rifter Opel Combo e Fiat Doblo sono furgoni a tetto alto molto diffusi per le conversioni da campeggio. Il pavimento originale del bagagliaio è molto morbido, il che significa che il rivestimento del pavimento è fortemente compresso e può essere danneggiato quando si caricano oggetti pesanti.</p>
<p>La nostra piastra a pavimento si adatta perfettamente all'inserimento nel pianale del bagagliaio ed è dotata di aperture per gli occhielli di fissaggio. Se necessario, può essere avvitata alle filettature di fissaggio originali invece che agli occhielli e quindi essere utilizzata come fissaggio per i fissaggi.</p>
<p>Il materiale di base è sempre un pannello multiplex di betulla da 12 mm molto stabile. La versione rivestita di nero da 12 mm ha una superficie liscia. La versione naturale è completamente grezza e può essere personalizzata o rivestita con vari materiali. La versione serigrafata da 12 mm è di colore rosso-marrone e presenta una superficie antiscivolo, utilizzata ad esempio per i rimorchi.</p>
