{"id":6664,"date":"2025-02-10T13:29:03","date_gmt":"2025-02-10T12:29:03","guid":{"rendered":"https:\/\/vanfittery.de\/?post_type=product&#038;p=6664"},"modified":"2026-03-17T11:21:56","modified_gmt":"2026-03-17T10:21:56","slug":"uchwyt-na-karnisz","status":"publish","type":"product","link":"https:\/\/vanfittery.de\/pl\/produkt\/halter-gardinenstange\/","title":{"rendered":"Uchwyt szyny kurtynowej"},"content":{"rendered":"<h2>Proste i stabilne mocowanie do karnisza<\/h2>\n<p>Nasz wspornik do karnisza mo\u017cna po prostu przyklei\u0107 do korpusu za pomoc\u0105 dwustronnej ta\u015bmy klej\u0105cej lub przykr\u0119ci\u0107 wkr\u0119tem samogwintuj\u0105cym. Oznacza to, \u017ce karnisz mo\u017cna zamocowa\u0107 w niemal dowolnym miejscu.<\/p>\n<p>Jako karnisza mo\u017cna u\u017cy\u0107 aluminiowej rurki o \u015brednicy 10 mm lub drewnianych okr\u0105g\u0142ych pr\u0119t\u00f3w o \u015brednicy 10 mm i przyci\u0105\u0107 je na \u017c\u0105dan\u0105 d\u0142ugo\u015b\u0107.<\/p>\n<p>&nbsp;<\/p>\n<p>Materia\u0142: PLA<\/p>\n<p>Zakres dostawy: 1 zestaw (2 szt.) wraz z wkr\u0119tami samogwintuj\u0105cymi<\/p>","protected":false},"excerpt":{"rendered":"<p><strong><span style=\"color: #dca54a;\">\u2714<\/span><\/strong> Prosty monta\u017c<br \/>\n<strong><span style=\"color: #dca54a;\">\u2714<\/span><\/strong> Uniwersalne zastosowanie - do okr\u0105g\u0142ych pr\u0119t\u00f3w aluminiowych lub drewnianych o \u015brednicy 10 mm<br \/>\n<strong><span style=\"color: #dca54a;\">\u2714<\/span><\/strong> Zakres dostawy: 1 zestaw (2 sztuki) wraz ze \u015brubami<\/p>","protected":false},"featured_media":6663,"template":"","meta":{"_acf_changed":false,"iawp_total_views":612},"product_brand":[],"product_cat":[57,58,55],"product_tag":[],"class_list":{"0":"post-6664","1":"product","2":"type-product","3":"status-publish","4":"has-post-thumbnail","6":"product_cat-hochdachkombi","7":"product_cat-kleintransporter","8":"product_cat-zubehoer","9":"product_shipping_class-paketversand","11":"first","12":"instock","13":"taxable","14":"shipping-taxable","15":"purchasable","16":"product-type-variable"},"acf":[],"_links":{"self":[{"href":"https:\/\/vanfittery.de\/pl\/wp-json\/wp\/v2\/product\/6664","targetHints":{"allow":["GET"]}}],"collection":[{"href":"https:\/\/vanfittery.de\/pl\/wp-json\/wp\/v2\/product"}],"about":[{"href":"https:\/\/vanfittery.de\/pl\/wp-json\/wp\/v2\/types\/product"}],"version-history":[{"count":1,"href":"https:\/\/vanfittery.de\/pl\/wp-json\/wp\/v2\/product\/6664\/revisions"}],"predecessor-version":[{"id":13874,"href":"https:\/\/vanfittery.de\/pl\/wp-json\/wp\/v2\/product\/6664\/revisions\/13874"}],"wp:featuredmedia":[{"embeddable":true,"href":"https:\/\/vanfittery.de\/pl\/wp-json\/wp\/v2\/media\/6663"}],"wp:attachment":[{"href":"https:\/\/vanfittery.de\/pl\/wp-json\/wp\/v2\/media?parent=6664"}],"wp:term":[{"taxonomy":"product_brand","embeddable":true,"href":"https:\/\/vanfittery.de\/pl\/wp-json\/wp\/v2\/product_brand?post=6664"},{"taxonomy":"product_cat","embeddable":true,"href":"https:\/\/vanfittery.de\/pl\/wp-json\/wp\/v2\/product_cat?post=6664"},{"taxonomy":"product_tag","embeddable":true,"href":"https:\/\/vanfittery.de\/pl\/wp-json\/wp\/v2\/product_tag?post=6664"}],"curies":[{"name":"wp","href":"https:\/\/api.w.org\/{rel}","templated":true}]}}

<h2>Proste i stabilne mocowanie do karnisza</h2>
<p>Nasz wspornik do karnisza można po prostu przykleić do korpusu za pomocą dwustronnej taśmy klejącej lub przykręcić wkrętem samogwintującym. Oznacza to, że karnisz można zamocować w niemal dowolnym miejscu.</p>
<p>Jako karnisza można użyć aluminiowej rurki o średnicy 10 mm lub drewnianych okrągłych prętów o średnicy 10 mm i przyciąć je na żądaną długość.</p>
<p>&nbsp;</p>
<p>Materiał: PLA</p>
<p>Zakres dostawy: 1 zestaw (2 szt.) wraz z wkrętami samogwintującymi</p>

<p><strong><span style="color: #dca54a;">✔</span></strong> Prosty montaż<br />
<strong><span style="color: #dca54a;">✔</span></strong> Uniwersalne zastosowanie - do okrągłych prętów aluminiowych lub drewnianych o średnicy 10 mm<br />
<strong><span style="color: #dca54a;">✔</span></strong> Zakres dostawy: 1 zestaw (2 sztuki) wraz ze śrubami</p>
